 Let l(b) = b. Let r(t) = -3*l(t) - u(t). Suppose 61*w + 11 = p + 59*w, 4*p = 2*w + 38. Give r(p).
3
Let o(w) be the first derivative of w**6/360 + w**5/60 - 17*w**4/24 + 97*w**3 + 11. Let h(f) be the third derivative of o(f). Calculate h(0).
-17
Let o(t) be the first derivative of -1/3*t**3 + 3/2*t**2 - 6*t + 13. Let h(p) be the first derivative of o(p). Give h(6).
-9
Let y(j) = j - 17. Suppose 4256 = 25*z - 18*z. Let r = z - 600. Calculate y(r).
-9
Let f(u) be the first derivative of -57 + 30*u + 3/2*u**2. Determine f(-12).
-6
Let b = -116 + 112. Let w(x) be the third derivative of -1/2*x**3 + 0 + 12*x**2 + 0*x - 1/24*x**4. Give w(b).
1
Let x(s) = -5*s - 23. Suppose 0 = -b - 4*b + 5*u, 0 = -b + 5*u + 8. Give x(b).
-13
Let q(o) be the first derivative of -10*o**2 + 42*o - 71. What is q(2)?
2
Suppose -63 = -16*s + 1. Suppose -2*m + 12 - 14 = 3*f, 2*f + 12 = s*m. Let o(c) be the second derivative of c**3/6 + 2*c. Calculate o(m).
2
Let w(c) = -c**2 - 19*c - 79. Let a be w(-7). Suppose 16 = o - 2*i, 0 = -5*i - 25 + a. Let v(q) = q**3 - 9*q**2 + 10*q - 12. Calculate v(o).
4
Let x(l) = l**2 - 5*l + 2. Let t be x(4). Let w(v) be the third derivative of 1/12*v**4 + 0*v**3 + 0*v + 14*v**2 - 1/20*v**5 + 0. What is w(t)?
-16
Let w(u) = -3*u + 11. Let y = -430 - -446. Suppose -y + 196 = 36*g. What is w(g)?
-4
Let y(w) = -w - 5. Let v be 12/8*-1*568/(-6). Let x = 142 - v. Suppose 4*d - 5*s + 8 + 14 = 0, x = 3*s - 6. Determine y(d).
-2
Let c(o) = o**3 - 21*o**2 + 18*o - 18. Let q(d) = -5*d**3 - 16*d**2 + 5*d - 24. Let b be q(-4). What is c(b)?
-58
Let m = 10517 - 10494. Let g(j) = -j**3 + 22*j**2 + 24*j - 7. Give g(m).
16
Let y(x) = 2*x - 4. Let v = 12 + 19. Suppose 165 = -5*t - o, 3*t + 4*o - 2 = -84. Let s = t + v. What is y(s)?
-10
Let z = 25726 + -25730. Let m(c) = c**3 + 17*c**2 + 51*c - 8. What is m(z)?
-4
Let b be 58/(-8) + 9/(-12). Let k be 8*(-4)/b + -2. Let i(w) = 5*w**2 + 4*w**2 - w**2 - 3*w - 5*w**2. Calculate i(k).
6
Suppose 20*n + 52 = 7*n. Let s be (-2)/(((-2)/n)/((-14)/8)). Let a(r) = r**3 - 6*r**2 - 6*r - 3. Determine a(s).
4
Let f(o) be the second derivative of -o**4/3 + 5*o**3/3 + o**2/2 - 15*o - 6. Determine f(5).
-49
Suppose 4*s - 14 = 2*v, v - 152*s + 155*s - 8 = 0. Let x(w) = 18*w + 8. Calculate x(v).
-10
Let a(f) = f**3 - 8. Let t = -38 + -280. Let j = t - -318. What is a(j)?
-8
Suppose -3*n - 7*n + 0*n = 0. Suppose -9 = -3*y - n*y, -5*f - 3*y + 4 = 0. Let g(m) = -19*m**2 + 1. Give g(f).
-18
Suppose -4*j + 2 + 2 = 3*v, -3*v + 4*j = 4. Let q = v + -8. Let r(m) be the first derivative of m**2/2 + 9*m - 12065. Calculate r(q).
1
Suppose 17*n + 1620 = 8*n. Let w = n + 176. Let o(p) = -8*p. Let z(j) = -9*j + 1. Let c(q) = -6*o(q) + 5*z(q). Determine c(w).
-7
Let c(o) = -53*o - 23. Let a(s) = -82*s - 37. Let q(v) = -5*a(v) + 8*c(v). What is q(-1)?
15
Let s(k) = -k**2 + 11*k - 11. Suppose -7*t + 61 = -135. Suppose 290 = b + t*b. Calculate s(b).
-1
Let c be ((-15)/9)/((-80)/48). Let q be c/8 + 475/(-152). Let m(w) = -2*w**2 - w + 7. Calculate m(q).
-8
Let p(d) = d**3 - 13*d**2 + 14*d - 17. Suppose 180 = 183*v - 168*v. Determine p(v).
7
Let s(t) = 7*t**3 + 2*t**2 - 1. Let i(u) = 189*u - 755. Let j be i(4). What is s(j)?
8
Suppose -4*w - 2*l - 874 - 24 = 0, 0 = -2*w + 2*l - 464. Let p = -235 - w. Let c(b) = b**3 + 9*b**2 + 2*b - 6. Determine c(p).
42
Let m(a) = -108*a - 1758. Let q(g) = -g - 18. Let y(b) = m(b) - 96*q(b). Calculate y(-4).
18
Let k(i) = -i**2 - i + 1. Let x(o) be the first derivative of o**4/4 + 4*o**3/3 - 2*o**2 + 17. Let h be x(-5). Let f be ((-2)/h)/((-4)/20). Give k(f).
-1
Let z = -163 + 166. Let w(t) = 1 - 9*t**2 + 5*t**3 - z*t + 2 + 6*t**2 - 4*t**3. What is w(3)?
-6
Let c(a) = -a**3 + 23*a**2 - 22*a - 8. Let s(q) = -8*q**2 + 268*q + 158. Let u be s(34). What is c(u)?
-8
Let d(v) = -4*v**3 - 19*v**2 + 17*v + 3. Let f(n) = -2*n**3 + 3 - 31*n**2 + 18*n + 10*n**2 - 3*n**3. Let g(p) = -4*d(p) + 3*f(p). Determine g(-14).
-3
Let b(t) = -t - 5. Let m(w) = 11*w + 9. Let s be m(2). Suppose 7 + 5 = -3*r + 4*z, -5*z - s = 2*r. What is b(r)?
3
Let n(y) = 5*y**3 - 11*y**2 + 42*y + 9. Let m(x) = 4*x**3 - 11*x**2 + 37*x + 10. Let k(b) = 4*m(b) - 3*n(b). Give k(8).
-3
Let c(r) = 120 + 47*r - 460 + 126 + 116 + 109 - 6*r**2. What is c(8)?
3
Let m(o) = 54396*o - 108787*o + 77 + 27*o**2 + 54416*o - o**3. Calculate m(28).
-7
Suppose 0 = 578*p - 576*p - 26. Let d(m) be the second derivative of m**4/12 - 7*m**3/3 + 9*m**2 - 154*m. Give d(p).
5
Let b = 6 - 3. Suppose 0 = b*d - 0*d + 9. Let a(c) = -c**2 + 1. Let i(m) = -2*m**2 + 6*m + 5. Let t(p) = -3*a(p) + i(p). Give t(d).
-7
Suppose 4*p = 3*m - 41, 5*p = -m + 10*p + 32. Suppose -11*j = -m*j - 4*q + 44, 0 = -3*j - 4*q - 5. Let f(w) = w**3 + 7*w**2 - w - 9. Give f(j).
-2
Suppose -3*o = 34 - 10. Let q(r) = -r + 20043 + 2*r - 10018 - 10022. Determine q(o).
-5
Let w = 12 + 8. Suppose -2*g = 8*g - w. Let c(r) = -4*r - 1. Determine c(g).
-9
Let u(q) be the second derivative of q**4/6 + q**3/2 + q**2 + 3*q. Let w(h) = -7*h**3 - h**2 + 2. Let k be w(-1). Let i be -1 + -5 + k - 5. Give u(i).
11
Suppose 5*d = 4*z - 13, 2*d = 11*z - 9*z - 8. Let n(u) = -13*u**2 + 2*u - 4. What is n(d)?
-115
Let g(u) = -55*u**2 + 19*u + 87. Let t(b) = -28*b**2 + 1. Let d(z) = g(z) - 2*t(z). Determine d(-9).
-5
Let u(t) = -3*t - 61. Let c(q) = -4*q - 72. Let i(d) = -5*c(d) + 6*u(d). Let w = 74 + -69. Give i(w).
4
Let d(i) be the first derivative of i**4/4 - 2*i**3 + 2*i**2 + 6*i + 171. Suppose -n = 3*o - 14, n + 4*n + 2*o - 31 = 0. Give d(n).
1
Suppose -3*k = -3*y + 33, 2*k + 0*k - 26 = -2*y. Let o(j) be the first derivative of -y + 6378*j - 6378*j + j**3 + j**2. Give o(-2).
8
Let r(c) = c + 1. Let k(q) = -5*q - 92. Let x be k(-18). Let y(d) be the second derivative of d**3 + 2*d**2 + 2*d. Let m(o) = x*y(o) + 11*r(o). Determine m(-4).
7
Let w(o) = -32*o. Let x be (-3)/(-6)*-10 + 11. Let h(b) = -5*b + 4*b - 3*b + x*b. Let i(c) = 36*h(c) + 2*w(c). What is i(1)?
8
Let m(y) be the first derivative of 23*y**2/2 - 24*y - 674. What is m(-8)?
-208
Let u(p) = p**3 + 10*p**2 + 23*p + 2. Let g(c) = -8*c**2 - 19*c - 2. Let m(o) = 6*g(o) + 5*u(o). Give m(1).
6
Let g(r) = 2*r + 8. Suppose 0 = -13*f + 11*f + 24. Let b be 5/(-30) + (-1 - 82/f). What is g(b)?
-8
Suppose -4*r - 26 + 5 = -3*o, 5*o = 2*r + 35. Let d(k) = -k**2 + 7*k - 9. Determine d(o).
-9
Let r(z) = z**3 + 6*z**2 + 8*z + 10. Suppose 180*d - 109*d + 284 = 0. Calculate r(d).
10
Let l(v) = -v**2 - v. Let w(k) = -5*k**2 + 5*k + 8. Let b(d) = -6*l(d) + w(d). Let o be (-62)/10 - 46/(-230). Determine b(o).
-22
Let k(u) = 4*u + 3. Let l(p) = -6 - 8*p - p + 11*p + 0 - 10*p. Let s(w) = 10*k(w) + 4*l(w). Give s(-4).
-26
Let j(z) = -3*z**2 - z - 1. Let w(b) = b**3 - 3*b. Let u be w(2). Let x be 1 + (-21)/(-7) + (1 - u). Suppose 0 = x*s - 21 + 24. Calculate j(s).
-3
Suppose 45*i + 17*i - 46*i + 112 = 0. Let m(j) = j**2 + 16*j + 14. What is m(i)?
-49
Let x(v) = 2*v**3 + 33*v**2 + 15*v - 21. Let i be x(-16). Let s(u) be the first derivative of u**2/2 + 3*u - 11. Determine s(i).
-2
Let r(g) = -g**3 - 21*g**2 + 55*g + 233. Let o be r(-23). Let v(b) = b**3 - 25*b**2 - 24*b - 27. Determine v(o).
25
Let a(c) = c**2 - 31*c + 14. Let r = -13135 - -13166. Determine a(r).
14
Suppose 4*i = 19 - 3. Let r = -2138 + 2137. Let c(q) = q - 1. Let k(w) = -6*w**2 + 2*w - 5. Let t(n) = i*c(n) + r*k(n). What is t(-1)?
5
Let i = -155 - -152. Let a(d) = -5*d - 11. Determine a(i).
4
Let u(b) = -b**3 - 26*b**2 + 25*b - 64. Suppose 46*y + 22*y + 3159 = -49*y. Determine u(y).
-10
Let n = 723 + -721. Let p(o) = -188*o - o**3 + 187*o - 3*o**2 + 0*o**n + 2*o**3. Suppose 2*i - 10 = -u, -i + 3 = -0. Give p(u).
12
Let s(b) = 18*b**3 + 14*b**2 - 2*b. Let t(i) = 12*i**3 + 6*i**2 - i. Let r(y) = -3*s(y) + 7*t(y). Suppose 3*f + f - 16 = 0, f = 5*l - 1. What is r(l)?
29
Suppose r + 0*r + k + 9 = 0, 0 = 3*r - 3*k + 27. Let h be 18/4*((-96)/r + -2). Let n = 38 - h. Let w(u) = 4*u**2 - u - 1. Calculate w(n).
4
Let h(o) = 6 + 25*o**3 + 21*o**3 - 45*o**3. Let f(w) = -w**3 - w**2 - 6. Let y be 1*(0/2 - -5). Let v(n) = y*h(n) + 6*f(n). What is v(-6)?
-6
Let p(w) = -4*w + 455 + 8*w - 461. Give p(2).
2
Let t(l) be the second derivative of l**4/12 - 13*l**3/6 - 51*l**2/2 + 3455*l. Determine t(-5).
39
Let o(l) be the first derivative